+ 44. Let z be r(0). Let s = z + c. What is the tens digit of s?
1
Let o(d) = d + 22. Let p be o(-12). Suppose 2*f = 5*j - 161, -f + 3*f = -3*j + 87. Let n = j - p. What is the tens digit of n?
2
Let x(y) be the second derivative of y**6/120 - y**5/4 + 3*y**3/2 + y**2 - 8*y. Let t(c) be the first derivative of x(c). What is the units digit of t(15)?
9
Let y = -34 + 30. What is the tens digit of (-676)/(-13) - (y + 2)?
5
Suppose 4*s = 2*b - 6*b + 20, -3*b - 33 = -3*s. Let h(z) be the second derivative of z**4/6 - 13*z**3/6 + 8*z. What is the tens digit of h(s)?
2
Let o(f) = 17*f**3 + 10*f**2 + 2*f - 6. What is the hundreds digit of o(4)?
2
Suppose 17*i = 3312 + 5817. What is the hundreds digit of i?
5
Let p be (0 + -6)*38/(-6). Let s = 73 + p. Let m = s + -61. What is the units digit of m?
0
Let f be (-21)/(-28) - 10/(-8). What is the tens digit of f/4 - (-900)/24?
3
Let z = 134 + 10. Let d(t) = t**2 - t - 1. Let h be d(-1). What is the tens digit of (2 - h) + z/8?
1
Let z = -2 - 5. Let f(k) = -k**2 - 6*k + 9. What is the units digit of f(z)?
2
Suppose 2*w = -0*w. Let t = w + 3. Suppose 153 = 4*a - z, t*a - 2*z - 47 = 69. What is the tens digit of a?
3
Let t be ((-56)/32)/((-2)/24). Let w be (-29)/((t/(-6))/7). Suppose -3*i + w - 22 = 0. What is the units digit of i?
2
Let r(n) = -2*n**3 - 3*n**2 + 4*n - 4. Let p(i) = 2*i + 6. Let t be p(-5). What is the tens digit of r(t)?
6
Suppose -b = -g - 1, 0*g + 4*b = 5*g + 1. Suppose -2*c + c = -19. Suppose 3*i = u - c, g*u = -5*i + i + 109. What is the tens digit of u?
3
Suppose 3 = b, -5*v - 3*b = b - 612. Suppose 4*m + v = -m. Let x = m + 47. What is the tens digit of x?
2
Suppose 18 + 14 = 2*v - 2*m, -5*v = m - 110. Let n be 40/7 + 6/v. Suppose n*t - t - 165 = 0. What is the tens digit of t?
3
Let k(o) = 2*o**2 - 4*o - 3. Suppose 4*s + 2 + 6 = 0. Let i be 3*(-4)/(-3) - s. What is the tens digit of k(i)?
4
Let n = 390 + -248. Suppose -2 - n = -8*y. What is the units digit of y?
8
Let r = 121 + 90. Suppose -9*x - r = -1615. What is the hundreds digit of x?
1
Suppose 3*g = -5*y + 173, 2*y + 150 = 5*g - 128. What is the hundreds digit of (-8)/(-28) + 10232/g?
1
Suppose 3*a - 14202 = -24*a. What is the hundreds digit of a?
5
Let j be 2/6*150/10 - 3. Suppose j*f - i = 67, 3*f - f - 3*i - 57 = 0. What is the units digit of f?
6
Let h = -591 + 2952. What is the units digit of h?
1
Let u be 0*3/9 + -1. Let w be 2*u/(-1) + 14. Suppose 5*i - 54 = w. What is the units digit of i?
4
What is the tens digit of 2/(-5)*(7 + 3) + 537?
3
Suppose -4*o + 132 = 4*h, -44 - 25 = -2*h - 3*o. Suppose -2*m = -h - 6. What is the units digit of m?
8
Suppose 2*i + 1 = -3*u + 9, -5*u = 0. Suppose -x - 3 = -i. What is the units digit of 5 + -7 - (x + -5)?
2
Let o be (-54)/(-42) + 4/(-14). Let w be 60/14*(o + -8). What is the tens digit of 0 - -2 - (w + 9)?
2
Let n(g) = -g**2 - 4*g + 3. Let k be n(-4). Suppose 4*m - k*s = 59, 0 = 3*m + 2*m + 2*s - 45. What is the tens digit of 211/m - 4/22?
1
Suppose -5*k - 4 = -14. Suppose -k*y + 23 = 5*d, -4*y = d - 4*d - 7. Let x(m) = m - 3. What is the units digit of x(y)?
1
Suppose 3*o - o - 217 = -q, o - 4*q - 104 = 0. Suppose 0 = -5*s + 418 - o. What is the tens digit of s?
6
Suppose -3*g - 2754 = -4*n + 9214, n = 3*g + 2983. What is the tens digit of n?
9
Let x be (-18)/(-9)*(-5)/(-2). Suppose -4*a - 4 = 3*d, 5*a + x*d + 10 = -0*d. What is the units digit of 1 + (0/a - -28)?
9
What is the tens digit of 256 + ((-2)/(-6))/(7/(-42))?
5
Let d(m) = m**3 + 4*m**2 - 9*m - 3. Let j be d(-6). What is the units digit of ((-45)/j + -3)*-14?
2
Let r = 18 + -18. Suppose -4*j + 6*j + 44 = -c, -j - 2*c - 22 = r. What is the units digit of (12/8)/(-3)*j?
1
Let n be 1/((-9)/12 - -1). Let s = 17 + n. What is the units digit of s + (-1 - 1) + 0?
9
Suppose 0 = -4*x - 26 - 302. What is the units digit of 6/2 - x/1?
5
Let y(x) = -9*x**3 + x**2 - 5*x + 3. Let p(u) = -u**3 + u. Let h(v) = -3*p(v) - y(v). What is the tens digit of h(2)?
9
Suppose f = -12*f + 754. What is the tens digit of (-8)/(((-10)/f)/5)?
3
Let i be 2*(-3)/2*(-5)/3. Let b(q) = q**3 - 7*q**2 - 5*q - 9. Let n be b(8). Suppose 3*g + n = 0, -i*x + 256 = -x - 4*g. What is the tens digit of x?
5
Suppose -10*q = -27*q + 19771. What is the units digit of q?
3
Suppose 3*z - 1984 - 327 = -4*k, -1166 = -2*k + 2*z. What is the tens digit of k?
8
Let f = -93 - -96. Suppose 4*n = 5*v + 168, 2*n - 48 = -f*v + 36. What is the units digit of n?
2
Let y(h) = h**3 - 14*h**2 - 32*h - 6. Let g be y(16). What is the tens digit of ((-96)/40 + 6)*(-340)/g?
0
Let q = -45 - -49. Suppose 0 = q*v, -2*o - 5*v - 13 = -73. What is the tens digit of o?
3
Let z(g) = 2*g**3 + 8*g**2 - 239*g - 1. What is the thousands digit of z(11)?
1
Let f be (98/(-42))/(1/(-36)). Let x = 140 - f. What is the units digit of x?
6
Let g(k) = k**2 + 9*k - 3. Let w be g(-10). Let t be 3/(-2 - -3) + w. Suppose 2*i - 17 = b + 35, -5*b = -t. What is the tens digit of i?
2
Let j(k) = -224*k - 56. What is the units digit of j(-3)?
6
Let c be -2 + -2 - (-16)/2. Suppose 9 = 2*r + 5*j, 5*r + 4 - 13 = j. Suppose -142 = -c*y - 0*l + r*l, l = 5. What is the tens digit of y?
3
Let o(d) = -2*d**2 + 3. Let w be o(0). Suppose -210 = w*t - 5*t. What is the tens digit of t?
0
Let k = 5 - 3. Suppose -k*u = -0*u. What is the units digit of u + 0/(-4) - -27?
7
Suppose -4*b = -3*j + j - 40, -5*b + 10 = 0. Let g(t) = 12 - 8 + 15 + 0*t**2 + t**2 + 16*t. What is the tens digit of g(j)?
1
Let a = 117 - 111. Let t(p) = 35*p - 2. What is the units digit of t(a)?
8
Let c(t) = 44*t - 4. Suppose -5*i + 3*n - 3 = 4, 0 = i - 4*n - 2. Let o be c(i). Let a = -55 - o. What is the units digit of a?
7
Suppose -n + 4 = -5*n. Let v be 0 + (n + -30)*-1. Let g = -7 + v. What is the tens digit of g?
2
Let j be (-8)/(-6) + (-6)/18. Let s = j + 35. Suppose r - s = -3*r. What is the units digit of r?
9
Let z = -135 + 141. Let r be 6*((-10)/(-4) + -2). Suppose -j + z*k - 3 = r*k, -5*j + 85 = 5*k. What is the units digit of j?
2
Let k(u) = -5*u - 13 - 11*u - 42 - 5. What is the units digit of k(-9)?
4
What is the units digit of 1 - (-1 - 402/2)?
3
Suppose -78*s + 83*s = 8130. What is the units digit of s?
6
Let d(l) = -12*l. Let p(i) = -6*i**2 - i. Let r be p(-1). Let f be d(r). Suppose 5*t + 14 + 1 = 0, 4*z + 4*t - f = 0. What is the units digit of z?
8
Let x(v) = v**3 + 2*v**2 + 7*v + 6. Let p be x(-4). What is the units digit of -4 + 2 - p - 1?
1
Let o be (312/(-30))/((-2)/10). Let j = 79 - o. What is the units digit of j?
7
Let b(i) = 7*i**3 - i**2 - 7*i + 3. Let a be b(5). Suppose -r + 5*q + 154 = 0, -2*r + a = 3*r - q. What is the hundreds digit of r?
1
Let x(n) = 15*n**2 - 11*n - 10. What is the hundreds digit of x(-4)?
2
Let s be 21*(3 - (-76)/(-28)). Suppose 4*g = -s + 122. What is the units digit of g?
9
Suppose 71 = 10*y - 99. Let k = y + 27. What is the tens digit of k?
4
Suppose 3 = p - 0. Suppose -p*g + 2*g = -68. Suppose -4*v = -4*h - g, 3*v + 2*h = 2*v + 11. What is the tens digit of v?
1
Suppose 3*b + 0*b = -5*m + 6886, -2*b = -3*m + 4124. What is the tens digit of m?
7
Suppose -155*b = -163*b + 4448. What is the tens digit of b?
5
Let q(d) = -2*d**3 - 1. Let f be q(-1). What is the units digit of f/(-4) + 106/8?
3
Suppose -2*t - 34 = 20. Let i = -9 - t. What is the units digit of i?
8
Let k be (324 + 2)*(-12)/(-24). Let w = k - 89. What is the tens digit of w?
7
Suppose -x + 5 = 0, 3*v = -2*v + 5*x - 30. What is the tens digit of v*(-4)/((-16)/364)*-1?
9
What is the hundreds digit of (-3 - 5) + 4 + 219*3?
6
Let a(g) = g**3 - 11*g**2 - 23*g + 12. Let w be a(12). Let x = -84 - w. What is the units digit of x?
6
Let t be -4*(-3)/48*20. Suppose 0 = 5*v - t*o + 15, -4*o - o - 17 = -v. Let a = 4 - v. What is the units digit of a?
2
Suppose -5*u = -u - 76. Let i = -155 + 139. Let n = u + i. What is the units digit of n?
3
Let j(w) be the second derivative of 9/2*w**2 + 0 - 2*w + 1/3*w**3. What is the units digit of j(8)?
5
Suppose 2*p - 1209 = -4*l - 45, p - 2*l = 562. What is the tens digit of p?
7
Let h(v) = -v + 14. Let w(k) = -k**2 + 11*k + 6 - 19*k + 9*k. Let c be w(0). What is the units digit of h(c)?
8
Let c = -79 - -53. Let l be (13/c)/((-2)/8). What is the units digit of (-836)/(-14) + l/7?
0
Suppose 5*f - 2*w - 12362 =